 k(m) = 79*m + 465. Let u(c) = -28*c - 155. Let b(v) = 2*k(v) + 7*u(v). What is the hundreds digit of b(-20)?
6
Let h(r) be the first derivative of -r**3/3 + 6*r**2 - 17*r + 3. What is the units digit of h(6)?
9
Suppose -45626 = -575*k + 568*k. What is the hundreds digit of k?
5
Let o = -577 - -351. Let s be 2 + (-2)/2 - o. Suppose -4*p - 239 = -3*m, -s = -2*m + 2*p - 65. What is the units digit of m?
5
Let m be -22*(1 + 5 + (-6 - -1)). Let t(b) = -b**2 - 43*b - 29. What is the tens digit of t(m)?
3
Let m = -126 + 156. Suppose m*l - 35*l = -1415. What is the units digit of l?
3
Let v(t) = 21*t**3 - 25*t**2 + 177*t - 23. What is the thousands digit of v(8)?
0
Suppose 2*j - 122 = -4*x + 3*x, -j + 117 = x. Let l be ((-4)/8)/((-2)/12). What is the tens digit of x/l - 5/15?
3
Suppose 4*g + 5 = 29. Suppose 4 = g*i - 8. Suppose -b + 43 = i*q + q, -5*b + 4*q + 272 = 0. What is the tens digit of b?
5
Suppose -4*v + 131 = -m, -v = 4*m - 6*v + 524. Let o = 565 - 317. Let g = m + o. What is the hundreds digit of g?
1
Let u(j) = 106 + 2*j - j - 3*j. Let l(p) = -p**2 - 39*p - 74. Let x be l(-37). What is the units digit of u(x)?
6
Let x be (136 + -136)/((-1*1)/1). Let b = -102 - -36. What is the tens digit of (b + (0 - x))/(-1)?
6
Suppose 5*t = 13 - 18. Let w be (t + 3)*-1 - 0/7. What is the units digit of 2 + 290 - (-8 - -4)/w?
0
Let p(z) = -4*z**3 + 10*z**2 + 7*z + 2. Let f be p(-7). Suppose -f = -6*o + o. Suppose -12*i + i = -o. What is the tens digit of i?
3
Suppose -728 = -5*u + 352. Suppose 2*w = s - 216, -s + w + u = 3*w. What is the tens digit of -3 + 5 + 1 + s?
1
Let y(x) = 2*x**3 - 20*x**2 + 4*x + 47. Let w be y(20). Suppose 32*q - w = 11*q. What is the tens digit of q?
8
What is the hundreds digit of (-79)/1422 + (-161389)/(-18)?
9
Suppose 14*a + 9*a = -24*a + 421167. What is the thousands digit of a?
8
Suppose 0 = 110*p - 225465 - 1050101 + 330006. What is the units digit of p?
6
Let f(r) = 1105*r**2 + 15*r + 203. What is the thousands digit of f(5)?
7
Let r = 33370 + -18685. What is the units digit of r?
5
Let z(r) = 70*r**2 - 4*r - 1. Suppose -j + 2*n + n + 22 = 0, 3*j + 5*n - 38 = 0. Let y be j/10 - (-56)/140. What is the units digit of z(y)?
1
Let g be 7/((-175)/(-10)) + 62/(-5). What is the thousands digit of 31504/30 + g/90?
1
Let z(j) = j**2 - 8*j - 16. Let s(y) = -y - 10. Let u be s(-15). Suppose 0 = 4*a - u*o - 49, -o - 10 - 2 = -a. What is the units digit of z(a)?
7
Let n be (-2 - (0 + -5)) + 6 + -7. Suppose 0 = c + n*h - 6*h + 17, -2*c + h - 41 = 0. What is the tens digit of (-13)/(-2)*7/(c/(-78))?
6
Let i(w) = 9*w**3 + w**2 - 4*w + 3. Let f be i(1). Suppose -2*z + m + 956 = 0, z - f*m + 8*m = 476. What is the units digit of z?
0
Suppose -4*y + 171 = 5*l - 0*l, -3*y - 3 = 0. Let p = 1 + l. What is the units digit of -796*(p/(-16))/9?
9
Let s(f) = -20*f + 76. Let r be s(11). What is the hundreds digit of (20952/r)/((1 - 0)/(-2))?
2
Let o(d) = d**3 - d**2 - 18*d - 55. Let z = -389 + 400. What is the tens digit of o(z)?
5
Let w be (-16)/208 + (-81)/(-39). What is the tens digit of w + 768 - (6 - -5 - 6)?
6
What is the thousands digit of (-2)/(10 + 689416/(-68939))?
5
Suppose 28*c + 97 = -15. Let a = -198 - -118. What is the units digit of 352/a*10/c?
1
Let i = 289 - 287. Suppose 581 = -4*c + 3*n + 3650, -i*c - 3*n = -1557. What is the units digit of c?
1
Let t = 12794 - -2942. What is the hundreds digit of t?
7
Suppose -2*s - 4*z = s - 2, 0 = -s - 3*z - 1. Let b be 10025/175 - s/7. Let w = b + 8. What is the units digit of w?
5
Let b = 20819 - 9747. What is the thousands digit of b?
1
Suppose 0 = -3*t - 2*a + 69734, -79*t + 5*a = -81*t + 46471. What is the thousands digit of t?
3
Let g(v) be the third derivative of v**4 - v**3/6 - 3*v**2. Suppose -3*d + 1 = -2*d. What is the units digit of g(d)?
3
Let m = 65 - 83. Let u be 5/90*3 - 771/m. Suppose -o + 55 = 3*r, 3*r = -3*o + 4*o - u. What is the units digit of o?
9
Suppose 86*q - 81*q - 46145 = 0. What is the units digit of q?
9
What is the hundreds digit of ((-128877)/(-1444))/((-1)/(-48))?
2
Let y = -4972 + 72122. What is the hundreds digit of y?
1
Let u(y) = -5*y**3 - 3*y**2 + y - 59. Let i(s) = s**3 + s**2 + 1. Let r = -49 - -45. Let l(q) = r*i(q) - u(q). What is the units digit of l(0)?
5
Let p be (-14)/2 - (12 + 2). What is the units digit of ((-14)/p)/(4*3/7470)?
5
Let n be ((-2)/10)/(2/(-170)). Suppose n*c - 13*c = 184. Suppose 0 = 51*o - c*o - 75. What is the units digit of o?
5
Let a be ((-6)/5)/(-5 + (-92)/(-20)). Suppose -a*m = p - 86 + 226, 0 = 5*p + 4*m + 744. What is the units digit of -3*(-1)/(-3)*(-9 + p)?
1
Suppose -113800 = -5*s + 3*u, 127*s = 128*s - 4*u - 22777. What is the hundreds digit of s?
7
Let g(h) = 32*h**2 - 59*h + 27. What is the tens digit of g(12)?
2
Suppose -4 = -2*p - 3*g, 2*p - 2*g + 21 = 5. Let n be ((-40)/25)/p - 326/(-10). Let h = n + -5. What is the units digit of h?
8
Suppose 85*g - 77*g - 11896 = 0. Suppose 1200 = 4*y - 2*r, -6 - g = -5*y - r. What is the units digit of y?
9
Let b = 4785 + 11164. What is the hundreds digit of b?
9
Let q(h) = 10*h**2 - 22*h - 44. Let w be q(-19). Suppose 4*p + w = 10*p. What is the units digit of p?
4
Let a be (-514)/(2/(-5 + 4)). Suppose 5*i - 3*f - 1311 = 0, -i + a + 2 = f. What is the tens digit of i?
6
Let o = 48 + -20. Suppose 3*p = 3*y - 27, -4*y - 2*p = -o - 14. Suppose 0 = -4*j + y*j - 270. What is the tens digit of j?
4
Suppose 5*z + 26*z = 84475. What is the thousands digit of z?
2
Let d be (-15 - -1578)*1/(-3). Let t = -78 - d. What is the tens digit of t?
4
Suppose -3*m - 3*y - 15 - 3 = 0, 4 = -2*y. Let s be (m/3)/(4*3/144). What is the units digit of (-2)/(-2*(-2)/s)?
8
Suppose 4*z + 68*z = 3*z + 530679. What is the units digit of z?
1
Let f(t) = 4*t**2 - 24*t + 10. Let b be f(6). What is the tens digit of 1 + -5 + b + 477?
8
Let r(g) = -6*g + 8. Let x be r(1). Suppose 5*h - 1971 = x*o, 0 = 3*h - o - 654 - 529. What is the units digit of h?
5
Let k = 6851 + 42743. What is the hundreds digit of k?
5
Let z(l) = 951*l + 37. What is the thousands digit of z(8)?
7
Let k(z) = 46*z - 39. Let b(j) = 2. Let m(y) = 6*b(y) + k(y). What is the units digit of m(7)?
5
Let j(t) be the third derivative of t**6/120 - t**5/60 - t**4/8 + 5*t**3/6 - 2*t**2. Let s be j(2). Suppose -s*i + 27 = 3. What is the units digit of i?
8
Let g(x) = 200 - 71 - 74 - x**3 + 2*x + 17*x**2. What is the units digit of g(15)?
5
Let b be 3 + -228 - 0/(1 - 0). Let x = b + 519. What is the units digit of x?
4
What is the ten thousands digit of ((856600/(-24))/(-25))/(-1 + 32/30)?
2
Suppose -j - 14 = -26. Suppose 5032 = 5*k + j*k. What is the units digit of k?
6
Suppose 6*m = 2*m + t + 74, m - 28 = 5*t. Let k = 20 - m. Suppose -78 = -2*s - k*c, 0 = s - 3*c - 65 + 18. What is the units digit of s?
1
Let o(m) = 11*m - 6. Let v(t) = 43*t - 23. Let y(i) = 9*o(i) - 2*v(i). Let w be (-196)/(-35) + 7/5. What is the tens digit of y(w)?
8
Suppose 24*z - 636834 + 273623 = 378341. What is the units digit of z?
8
Let p be 12*(4/3 - 13/13). Let l be (2 + 0)/(p + (-9 - -4)). What is the tens digit of (-59)/(-2) - (2 + 3/l)?
2
Suppose a - 50 = -23. Let c = a + -27. Suppose -4*f = 4, c*b - f + 33 = b. What is the tens digit of b?
3
Let w = 27620 + -15731. What is the thousands digit of w?
1
Let j = 995 + -148. Let y = j - 416. What is the units digit of y?
1
Let b = 1540 + 70. Let h = -823 + b. What is the units digit of h?
7
Let a be (-2 + (-12)/(-8))*1*-6. Let h be -1 - -1 - a - -6. Suppose 5*m + 303 = 4*c, 4*c - 77 = h*c + m. What is the units digit of c?
2
What is the ten thousands digit of (13199 + 1)*((-96)/(-120) - -2)?
3
Let r be (-1 + 4 + 0)*1. Let o = 1473 + -1455. What is the tens digit of o/(-27) - (-65)/r?
2
What is the tens digit of (1081/46)/(5235/(-2620) + 2)?
1
Let w(f) = -f**2 - 17*f + 172. Let l be w(-24). Suppose -5*y + 238 + 17 = 0. Suppose -l*o + 233 = -y. What is the tens digit of o?
7
Let b(c) = -2*c**2 - 16*c + 4. Let w be b(-9). Let o = -22 - w. Let l(q) = 2*q**2 + 3*q + 20. What is the hundreds digit of l(o)?
1
Let v(w) = 6*w**2 - 16*w + 1. Let b be v(11). Suppose j = 90 - b. Let q = -268 - j. What is the tens digit of q?
9
Suppose -102226 = 159*s - 525643. What is the hundreds digit of s?
6
Let m = 8 + -11. What is the tens dig